c*q + 1116. Suppose 2*b = 3*a + q, a - 569 = -4*b - 4*a. List the prime factors of b.
3, 47
Suppose -5*g = m - 122955, g + 160*m - 24591 = 158*m. List the prime factors of g.
3, 7, 1171
Let r be (5/3)/((-20)/(-24)). Let t be (-2)/(r - 4/1). What are the prime factors of (-3724)/(-57) + t/(-3)?
5, 13
What are the prime factors of (105895/(-10) + 9)*3*(-4)/3?
2, 7, 3023
Let g = 16185 + 171. What are the prime factors of g?
2, 3, 29, 47
Suppose -5*z + 3*z + 28 = 0. Let j be ((-12)/7)/((-2)/z). What are the prime factors of 4 - 3*j/(-4)?
13
Suppose 222*x + 27 = 231*x. Suppose -2*u + u = -x*m + 1261, -2*u - 2100 = -5*m. List the prime factors of m.
2, 211
Suppose -198911 + 38183 = -12*x. List the prime factors of x.
2, 37, 181
Let p(y) = y - 8. Let r be p(8). Suppose 2*h = -4, 0 = -r*k - k + 3*h + 222. List the prime factors of k.
2, 3
What are the prime factors of 364/(-26) + (6550 - 1)?
5, 1307
Let t be 0 + 2/6*3 + 2. Suppose 0 = 5*s - t - 7. Suppose 2*l + 670 = 5*m - 85, s*m - 2*l - 302 = 0. List the prime factors of m.
151
Suppose -4*s - 2947 = 4*v - 67503, -75*s + 1210893 = -3*v. What are the prime factors of s?
5, 3229
Let m = -1449 - -2857. What are the prime factors of m?
2, 11
Let k(j) = -18*j + 23. Let m be k(-19). Suppose 5*y - b = m, 6*y - 5*b = 4*y + 123. Let x = y - 40. What are the prime factors of x?
2, 17
Let g(n) = n**3 + 17*n**2 - 16*n - 24. Let y be g(-13). Suppose 0 = -12*s + 2996 - y. List the prime factors of s.
2, 89
Let x = -7 - -12. Let n(l) = -11*l**2 - 5*l + 14. Let f be n(x). Let y = -94 - f. What are the prime factors of y?
2, 3
Suppose 4*w + w = 2*l + 56, -84 = 3*l - 3*w. Let t = l + 30. Suppose s = 5*b - 34, -t = -b - s - 0*s. List the prime factors of b.
2, 3
Let k be (-18)/(-15)*(-5)/(-1). Let z(w) = -86*w + 35. Let i be z(-5). Suppose k*g = g + i. List the prime factors of g.
3, 31
Suppose 5 = -4*z + 17, i + z = 6. Suppose i*g = -4*c + 550, 4*c - 416 = c - 4*g. What are the prime factors of c?
2, 17
Let r(l) = -l**3 + 8*l + 0*l**3 - 9*l**2 + 5 + 7*l. Suppose 18*t + 50 + 10 = -138. List the prime factors of r(t).
2, 41
Suppose -11*p - 4*p + 75 = 0. Suppose p*q - 2416 = -471. List the prime factors of q.
389
Let c be ((-12)/6)/(0 + 2). Let a(s) = -53*s**3 + 7*s**2 + 5*s. What are the prime factors of a(c)?
5, 11
Suppose -q = -w - 3 - 2, 4*q - 2*w - 22 = 0. Let j be (q/5)/((-6)/(-1340)). Suppose -j = -v - 3*v. What are the prime factors of v?
67
Suppose -37*u + 442951 = 15823. List the prime factors of u.
2, 3, 13, 37
Suppose 4*q = 5 + 3. Suppose 0 = -5*t - 5*s + 25, 5*t - 5 = 3*s + q*s. Suppose o + 4 = 2*i - 1, t*o = 3*i. List the prime factors of o.
5
Let z be 11/1 - ((-4)/1 + 5). Suppose 0 = -q - 6 + z. Suppose 0 = i + 3*i - d - 30, 4*i - q*d - 24 = 0. List the prime factors of i.
2
Let x = -6766 - -15458. What are the prime factors of x?
2, 41, 53
Let z(t) be the first derivative of t**3/3 - 3*t**2 - 25*t + 14. Suppose -5*n - 13 = 4*j, j - 1 = -2*n - 2. What are the prime factors of z(j)?
2, 3, 11
Let w(x) = -13 - 3 - 16 - 3*x. Let y be w(-12). Suppose 5*f - 89 = -3*s, 4*f - f = y*s - 80. List the prime factors of s.
23
Let k(s) = 1844*s. Let p be k(1). Suppose -12*c + 2200 + p = 0. What are the prime factors of c?
337
Suppose d = s - 9 + 55, -5*s + 52 = d. Suppose -t + d = -683. What are the prime factors of t?
2, 5, 73
Suppose -k = -4*y - 2*k - 3564, y = -2*k - 884. Let t = -372 - y. List the prime factors of t.
2, 5, 13
Let t be 13/78 + (-1261)/6. Let f = 65 - t. What are the prime factors of f?
5, 11
Suppose 3*t - 29425 = -4*d, -2*d + 33625 = 2*t + 14005. List the prime factors of t.
5, 13, 151
Suppose 4*f - 1083 = 6*f + 5*p, p = -3*f - 1605. Let y = f - -762. List the prime factors of y.
2, 3, 19
Let c = 9518 - 4275. What are the prime factors of c?
7, 107
Let h = -31 + 34. Suppose h*x - c = 20, -x = 3*x + 5*c - 14. Suppose 16*o - 100 = x*o. What are the prime factors of o?
2, 5
Let g(i) = 19*i + 30. Let f be g(-5). Let w = f - -70. List the prime factors of w.
5
Let k(m) = -m**3 + 8*m**2 + 16*m - 125. Let x be k(9). Let i(q) = q + 69. Let z be i(0). Let r = z + x. What are the prime factors of r?
7
Let l(v) = 8*v**3 + 2*v**2 + 6*v - 9. Let w be (11 - 6) + 2*(0 + -1). What are the prime factors of l(w)?
3
Suppose 1770306 = -218*f + 9001148. List the prime factors of f.
41, 809
List the prime factors of -1*(22 + 479479/(-11)).
19, 2293
Suppose 13*n - 62 - 42 = 0. Suppose -4*s + n*s - 1812 = 0. List the prime factors of s.
3, 151
Let i = -54586 + 78298. List the prime factors of i.
2, 3, 13, 19
Let q = -40 + 95. Suppose j - q = 2*j. Let s = j + 120. List the prime factors of s.
5, 13
Let i(v) = -26*v + 2751. What are the prime factors of i(-83)?
4909
Let v(u) = -22*u**2 - 28*u + 64. Let i be v(6). Let p = i + 1967. What are the prime factors of p?
3, 7, 17
Suppose 4*s - 2*s = 400. Let f = 151 - 57. Let l = s - f. List the prime factors of l.
2, 53
Let c = 221 - 210. Suppose 7*j - 4*j - 4*i - 18 = 0, j - 3*i = c. List the prime factors of j.
2
Let r(q) = -1272*q**3 + q**2 + 4*q + 15. List the prime factors of r(-3).
2, 3, 7, 409
Let t(z) = 112*z**3 - 11*z**2 + 74*z - 9. List the prime factors of t(5).
2, 7043
Let o(c) = 74*c**3 - 2*c**2 - 53*c + 178. What are the prime factors of o(5)?
13, 701
Suppose y - 31 = -81. List the prime factors of (-3 - 1052)*5/y*4.
2, 211
Let j(x) = -x**3 + 54*x**2 - 71*x. List the prime factors of j(38).
2, 3, 19, 179
Let h(p) = -3*p**2 - 28*p + 3. Let d = 109 - 118. Let r be h(d). Suppose 3*n + 2070 = r*n. List the prime factors of n.
2, 5, 23
Suppose 26*q - 16*q - 5950 = 0. What are the prime factors of q?
5, 7, 17
Let w(u) = -30*u**2 + 3. Let d be w(1). What are the prime factors of (-19677)/(-81) + (-2)/d?
3
Suppose -4*o - 3*o = -56. Suppose d = -4*m + 100, o*d = 3*d. Let v = m - 16. What are the prime factors of v?
3
Let w(x) = 13*x - 148. Let p be w(37). Suppose 185 = -2*b + p. List the prime factors of b.
2, 37
Suppose -4*r + 28 = -7*q + 12*q, -4*q = -3*r - 10. Let f(v) = 358*v**2 - 9*v + 26. List the prime factors of f(r).
2, 3, 5
Suppose -52*x + 181230 = 53*x. List the prime factors of x.
2, 863
Let o be 438/73*1/3. Suppose -o*s + 2056 - 24 = 0. List the prime factors of s.
2, 127
Suppose -2*p - 4099 + 14657 = -2*x, 0 = -5*p - 3*x + 26363. What are the prime factors of p?
5, 211
Suppose 2065 = 2*h + 130*c - 125*c, -4*h - c = -4139. What are the prime factors of h?
3, 5, 23
Let n(d) = 22*d**2 + 24 + 16*d + 15*d - 5 - 24*d**2. List the prime factors of n(15).
2, 17
Suppose d - 48448 = -2*a, -4*a + 52667 = -3*d - 44189. List the prime factors of a.
2, 5, 7, 173
Let o be (-1 + 9)*(-4)/(-16). Let v be -1 + 5 + 1 + -2. Suppose -4*h = o*r - 194, -5*h = -v*r - 9*h + 297. List the prime factors of r.
103
Suppose 7*x + 51 = -40. Let s = x - -13. What are the prime factors of (14 + -4 + s)*2?
2, 5
Suppose 4*g + 680 = 6*g. Suppose -37*y + 41*y + g = 0. Let i = y + 204. What are the prime factors of i?
7, 17
Let o(w) = w**2 - 4*w - 3. Let a be o(5). Suppose a*t = 3*r + 243, 2*t = -4*r + 185 + 51. Suppose 4*d = t + 48. List the prime factors of d.
2, 3, 7
Suppose z = 4*v + 16, -6*v - z + 4 = -7*v. Let y(i) = -9*i**3 - 3*i**2 + 12. List the prime factors of y(v).
2, 3, 5
Let q = -40 + 40. Suppose -10*z - 12*z + 12848 = q. List the prime factors of z.
2, 73
Let j = 2048 - -680. What are the prime factors of j?
2, 11, 31
What are the prime factors of 2362173/(-2068)*((-398)/6 + 1)?
7, 1523
What are the prime factors of 19020 + (-18)/(-48)*-8?
3, 2113
Let r be ((-12)/(-14))/(18/315). List the prime factors of (421/5)/(3/r).
421
Let a(p) = -3*p + 34. Let h be a(12). Let d(r) = -38*r + 13. List the prime factors of d(h).
89
Suppose -2*l = -3*g - 0*g - 12, -5*l = 3*g - 9. Suppose -4*f = 5*z - 5119, 0 = 5*z - l*f - 1404 - 3708. What are the prime factors of z?
3, 11, 31
List the prime factors of ((-701640)/150)/((-3)/10).
2, 1949
Let x(s) = -30*s - 56. Let b be x(-9). Suppose -n + 0*n = 5*i - b, 0 = n - i - 214. List the prime factors of n.
2, 107
Let f(l) = 2*l**3 - 24*l**2 - 41*l + 372. List the prime factors of f(27).
3, 5, 1409
Let p(a) = -a**3 - 8*a**2 - 4*a + 3. Let h be p(-9). What are the prime factors of h + (55/(-22) - (-26)/4)?
2, 31
Suppose 69*u = 107494 + 267038. List the prime